
{"id":7484,"date":"2025-02-28T08:59:15","date_gmt":"2025-02-28T07:59:15","guid":{"rendered":"https:\/\/ibballooning.net\/product\/vol-amb-globus-privat\/"},"modified":"2025-02-28T08:59:15","modified_gmt":"2025-02-28T07:59:15","slug":"vol-amb-globus-privat","status":"publish","type":"product","link":"https:\/\/ibballooning.net\/ca\/product\/vol-amb-globus-privat\/","title":{"rendered":"Vol amb globus privat"},"content":{"rendered":"<p><strong>A l&#8217;elecci\u00f3 d&#8217;un bon pla<\/strong><\/p>\n<p>El vol \u201cnom\u00e9s per a 2\u201d \u00e9s la nostra especialitat ja que \u00e9s el mes rom\u00e0ntic i assegura privacitat, entre els nostres clients tamb\u00e9 hi ha famosos i personalitats de l&#8217;illa que ens han contractat per la intimitat que oferim. Tamb\u00e9 pot reservar vol privat per a mes persones si s\u00f3n un a fam\u00edlia o grup d&#8217;amics que volen celebrar el vol en privat. <\/p>\n<hr>\n<p><em>Els vols amb globus depenen de la meteorologia.<u><\/u><u><\/u><\/em><\/p>\n<p><em>Un dia abans del vol els pilots decidiran si les condicions s\u00f3n \u00f2ptimes i els confirmaran el vol, el punt de trobada i l&#8217;hora. <u><\/u><u><\/u>Aix\u00f2 pot variar segons la direcci\u00f3 del vent i l&#8217;\u00e8poca de l&#8217;any. Tenim diferents punts d&#8217;enlairament i l&#8217;alba i l&#8217;oc\u00e0s marquen l&#8217;hora de sortida.  <u><\/u><u><\/u>Si no es pot volar es busca data alternativa o es retorna el pagament.<\/em><\/p>\n<hr>\n<p>ZONES DE VOL<\/p>\n<figure id=\"attachment_1309\" aria-describedby=\"caption-attachment-1309\" style=\"width: 800px\" class=\"wp-caption alignnone\"><img loading=\"lazy\" decoding=\"async\" class=\"wp-image-1309 size-large\" src=\"https:\/\/ibballooning.net\/wp-content\/uploads\/2025\/02\/Mapa-Flight-zones-Ib-Ballooning-800x800.png\" alt=\"\u00c0rea de vol Mallorca\" width=\"800\" height=\"800\" srcset=\"https:\/\/ibballooning.net\/wp-content\/uploads\/2025\/02\/Mapa-Flight-zones-Ib-Ballooning-800x800.png 800w, https:\/\/ibballooning.net\/wp-content\/uploads\/2025\/02\/Mapa-Flight-zones-Ib-Ballooning-400x400.png 400w, https:\/\/ibballooning.net\/wp-content\/uploads\/2025\/02\/Mapa-Flight-zones-Ib-Ballooning-280x280.png 280w, https:\/\/ibballooning.net\/wp-content\/uploads\/2025\/02\/Mapa-Flight-zones-Ib-Ballooning-768x768.png 768w, https:\/\/ibballooning.net\/wp-content\/uploads\/2025\/02\/Mapa-Flight-zones-Ib-Ballooning-300x300.png 300w, https:\/\/ibballooning.net\/wp-content\/uploads\/2025\/02\/Mapa-Flight-zones-Ib-Ballooning-600x600.png 600w, https:\/\/ibballooning.net\/wp-content\/uploads\/2025\/02\/Mapa-Flight-zones-Ib-Ballooning-100x100.png 100w, https:\/\/ibballooning.net\/wp-content\/uploads\/2025\/02\/Mapa-Flight-zones-Ib-Ballooning.png 1081w\" sizes=\"auto, (max-width: 800px) 100vw, 800px\" \/><figcaption id=\"caption-attachment-1309\" class=\"wp-caption-text\">\u00c0rea de vol Mallorca<\/figcaption><\/figure>\n","protected":false},"excerpt":{"rendered":"<p><strong>Preu per 2 persones (m\u00ednim)<\/strong><\/p>\n<p>Gaudeix d&#8217;un magn\u00edfic viatge amb globus privat per l&#8217;illa de Mallorca.<\/p>\n","protected":false},"featured_media":2948,"template":"","meta":[],"product_brand":[],"product_cat":[116],"product_tag":[],"class_list":{"0":"post-7484","1":"product","2":"type-product","3":"status-publish","4":"has-post-thumbnail","6":"product_cat-vols","8":"first","9":"instock","10":"featured","11":"virtual","12":"sold-individually","13":"taxable","14":"purchasable","15":"product-type-booking"},"booking_location":"","booking_location_type":"","booking_duration":1,"booking_duration_unit":"day","booking_buffer":0,"booking_cost":800,"booking_resources":[],"exclude_global_add_ons":[],"addons":[],"jetpack_sharing_enabled":true,"_links":{"self":[{"href":"https:\/\/ibballooning.net\/ca\/wp-json\/wp\/v2\/product\/7484","targetHints":{"allow":["GET"]}}],"collection":[{"href":"https:\/\/ibballooning.net\/ca\/wp-json\/wp\/v2\/product"}],"about":[{"href":"https:\/\/ibballooning.net\/ca\/wp-json\/wp\/v2\/types\/product"}],"wp:featuredmedia":[{"embeddable":true,"href":"https:\/\/ibballooning.net\/ca\/wp-json\/wp\/v2\/media\/2948"}],"wp:attachment":[{"href":"https:\/\/ibballooning.net\/ca\/wp-json\/wp\/v2\/media?parent=7484"}],"wp:term":[{"taxonomy":"product_brand","embeddable":true,"href":"https:\/\/ibballooning.net\/ca\/wp-json\/wp\/v2\/product_brand?post=7484"},{"taxonomy":"product_cat","embeddable":true,"href":"https:\/\/ibballooning.net\/ca\/wp-json\/wp\/v2\/product_cat?post=7484"},{"taxonomy":"product_tag","embeddable":true,"href":"https:\/\/ibballooning.net\/ca\/wp-json\/wp\/v2\/product_tag?post=7484"}],"curies":[{"name":"wp","href":"https:\/\/api.w.org\/{rel}","templated":true}]}}

<p><strong>A l&#8217;elecció d&#8217;un bon pla</strong></p>
<p>El vol “només per a 2” és la nostra especialitat ja que és el mes romàntic i assegura privacitat, entre els nostres clients també hi ha famosos i personalitats de l&#8217;illa que ens han contractat per la intimitat que oferim. També pot reservar vol privat per a mes persones si són un a família o grup d&#8217;amics que volen celebrar el vol en privat. </p>
<hr>
<p><em>Els vols amb globus depenen de la meteorologia.<u></u><u></u></em></p>
<p><em>Un dia abans del vol els pilots decidiran si les condicions són òptimes i els confirmaran el vol, el punt de trobada i l&#8217;hora. <u></u><u></u>Això pot variar segons la direcció del vent i l&#8217;època de l&#8217;any. Tenim diferents punts d&#8217;enlairament i l&#8217;alba i l&#8217;ocàs marquen l&#8217;hora de sortida.  <u></u><u></u>Si no es pot volar es busca data alternativa o es retorna el pagament.</em></p>
<hr>
<p>ZONES DE VOL</p>
<figure id="attachment_1309" aria-describedby="caption-attachment-1309" style="width: 800px" class="wp-caption alignnone"><img loading="lazy" decoding="async" class="wp-image-1309 size-large" src="https://ibballooning.net/wp-content/uploads/2025/02/Mapa-Flight-zones-Ib-Ballooning-800x800.png" alt="Àrea de vol Mallorca" width="800" height="800" srcset="https://ibballooning.net/wp-content/uploads/2025/02/Mapa-Flight-zones-Ib-Ballooning-800x800.png 800w, https://ibballooning.net/wp-content/uploads/2025/02/Mapa-Flight-zones-Ib-Ballooning-400x400.png 400w, https://ibballooning.net/wp-content/uploads/2025/02/Mapa-Flight-zones-Ib-Ballooning-280x280.png 280w, https://ibballooning.net/wp-content/uploads/2025/02/Mapa-Flight-zones-Ib-Ballooning-768x768.png 768w, https://ibballooning.net/wp-content/uploads/2025/02/Mapa-Flight-zones-Ib-Ballooning-300x300.png 300w, https://ibballooning.net/wp-content/uploads/2025/02/Mapa-Flight-zones-Ib-Ballooning-600x600.png 600w, https://ibballooning.net/wp-content/uploads/2025/02/Mapa-Flight-zones-Ib-Ballooning-100x100.png 100w, https://ibballooning.net/wp-content/uploads/2025/02/Mapa-Flight-zones-Ib-Ballooning.png 1081w" sizes="auto, (max-width: 800px) 100vw, 800px" /><figcaption id="caption-attachment-1309" class="wp-caption-text">Àrea de vol Mallorca</figcaption></figure>

<p><strong>Preu per 2 persones (mínim)</strong></p>
<p>Gaudeix d&#8217;un magnífic viatge amb globus privat per l&#8217;illa de Mallorca.</p>
