
{"id":7481,"date":"2025-02-28T08:45:15","date_gmt":"2025-02-28T07:45:15","guid":{"rendered":"https:\/\/ibballooning.net\/product\/vol-amb-globus-al-capvespre\/"},"modified":"2025-02-28T08:45:15","modified_gmt":"2025-02-28T07:45:15","slug":"vol-amb-globus-al-capvespre","status":"publish","type":"product","link":"https:\/\/ibballooning.net\/ca\/product\/vol-amb-globus-al-capvespre\/","title":{"rendered":"Vol amb globus al capvespre"},"content":{"rendered":"<p>Els vols s\u00f3n m\u00ednim d&#8217;una hora, al mat\u00ed o a les tardes. Pots ajudar en el muntatge del globus i sempre portem una ampolla de cava a bord i fem un brindis a 500 metres amb tota Mallorca als nostres peus. Els grups s\u00f3n petits i aix\u00ed el pilot est\u00e0 a la vostra disposici\u00f3 sempre per a dubtes, consultes i curiositats mentre va explicant el funcionament del globus com la ubicaci\u00f3 de tots els pobles i muntanyes que es veuen. Si reserves amb antelaci\u00f3 podr\u00e0s triar dates i horaris per a volar, depenent de l&#8217;\u00e8poca de l&#8217;any es pot enlairar entre les 6.00 h i les 8.00 h del mat\u00ed o entre les 17.00 h i les 20.00 h a la tarda. En total des de la trobada, presentaci\u00f3 i inflat m\u00e9s el vol i aterratge, empaquetat i volta al punt de trobada estarem entre dues i tres hores junts.    <\/p>\n<hr>\n<p><em>Els vols amb globus depenen de la meteorologia.<u><\/u><u><\/u><\/em><\/p>\n<p><em>Un dia abans del vol els pilots decidiran si les condicions s\u00f3n \u00f2ptimes i els confirmessin el vol, el punt de trobada i l&#8217;hora. <u><\/u><u><\/u>Aix\u00f2 pot variar segons la direcci\u00f3 del vent i l&#8217;\u00e8poca de l&#8217;any. Tenim diferents punts d&#8217;enlairament i l&#8217;alba i l&#8217;oc\u00e0s marquen l&#8217;hora de sortida.  <u><\/u><u><\/u>Si no es pot volar busquem data alternativa o es retorna el pagament.<\/em><\/p>\n<hr>\n<p>ZONES DE VOL<\/p>\n<figure id=\"attachment_1309\" aria-describedby=\"caption-attachment-1309\" style=\"width: 800px\" class=\"wp-caption alignnone\"><img loading=\"lazy\" decoding=\"async\" class=\"wp-image-1309 size-large\" src=\"https:\/\/ibballooning.net\/wp-content\/uploads\/2025\/02\/Mapa-Flight-zones-Ib-Ballooning-800x800.png\" alt=\"\u00c0rea de vol Mallorca\" width=\"800\" height=\"800\" srcset=\"https:\/\/ibballooning.net\/wp-content\/uploads\/2025\/02\/Mapa-Flight-zones-Ib-Ballooning-800x800.png 800w, https:\/\/ibballooning.net\/wp-content\/uploads\/2025\/02\/Mapa-Flight-zones-Ib-Ballooning-400x400.png 400w, https:\/\/ibballooning.net\/wp-content\/uploads\/2025\/02\/Mapa-Flight-zones-Ib-Ballooning-280x280.png 280w, https:\/\/ibballooning.net\/wp-content\/uploads\/2025\/02\/Mapa-Flight-zones-Ib-Ballooning-768x768.png 768w, https:\/\/ibballooning.net\/wp-content\/uploads\/2025\/02\/Mapa-Flight-zones-Ib-Ballooning-300x300.png 300w, https:\/\/ibballooning.net\/wp-content\/uploads\/2025\/02\/Mapa-Flight-zones-Ib-Ballooning-600x600.png 600w, https:\/\/ibballooning.net\/wp-content\/uploads\/2025\/02\/Mapa-Flight-zones-Ib-Ballooning-100x100.png 100w, https:\/\/ibballooning.net\/wp-content\/uploads\/2025\/02\/Mapa-Flight-zones-Ib-Ballooning.png 1081w\" sizes=\"auto, (max-width: 800px) 100vw, 800px\" \/><figcaption id=\"caption-attachment-1309\" class=\"wp-caption-text\">\u00c0rea de vol Mallorca<\/figcaption><\/figure>\n","protected":false},"excerpt":{"rendered":"<p>Gaudeix d&#8217;un magn\u00edfic viatge amb globus per l&#8217;illa de Mallorca.<\/p>\n","protected":false},"featured_media":2943,"template":"","meta":[],"product_brand":[],"product_cat":[116],"product_tag":[],"class_list":{"0":"post-7481","1":"product","2":"type-product","3":"status-publish","4":"has-post-thumbnail","6":"product_cat-vols","8":"first","9":"instock","10":"featured","11":"virtual","12":"sold-individually","13":"taxable","14":"purchasable","15":"product-type-booking"},"booking_location":"","booking_location_type":"","booking_duration":1,"booking_duration_unit":"day","booking_buffer":0,"booking_cost":150,"booking_resources":[],"exclude_global_add_ons":[],"addons":[],"jetpack_sharing_enabled":true,"_links":{"self":[{"href":"https:\/\/ibballooning.net\/ca\/wp-json\/wp\/v2\/product\/7481","targetHints":{"allow":["GET"]}}],"collection":[{"href":"https:\/\/ibballooning.net\/ca\/wp-json\/wp\/v2\/product"}],"about":[{"href":"https:\/\/ibballooning.net\/ca\/wp-json\/wp\/v2\/types\/product"}],"wp:featuredmedia":[{"embeddable":true,"href":"https:\/\/ibballooning.net\/ca\/wp-json\/wp\/v2\/media\/2943"}],"wp:attachment":[{"href":"https:\/\/ibballooning.net\/ca\/wp-json\/wp\/v2\/media?parent=7481"}],"wp:term":[{"taxonomy":"product_brand","embeddable":true,"href":"https:\/\/ibballooning.net\/ca\/wp-json\/wp\/v2\/product_brand?post=7481"},{"taxonomy":"product_cat","embeddable":true,"href":"https:\/\/ibballooning.net\/ca\/wp-json\/wp\/v2\/product_cat?post=7481"},{"taxonomy":"product_tag","embeddable":true,"href":"https:\/\/ibballooning.net\/ca\/wp-json\/wp\/v2\/product_tag?post=7481"}],"curies":[{"name":"wp","href":"https:\/\/api.w.org\/{rel}","templated":true}]}}

<p>Els vols són mínim d&#8217;una hora, al matí o a les tardes. Pots ajudar en el muntatge del globus i sempre portem una ampolla de cava a bord i fem un brindis a 500 metres amb tota Mallorca als nostres peus. Els grups són petits i així el pilot està a la vostra disposició sempre per a dubtes, consultes i curiositats mentre va explicant el funcionament del globus com la ubicació de tots els pobles i muntanyes que es veuen. Si reserves amb antelació podràs triar dates i horaris per a volar, depenent de l&#8217;època de l&#8217;any es pot enlairar entre les 6.00 h i les 8.00 h del matí o entre les 17.00 h i les 20.00 h a la tarda. En total des de la trobada, presentació i inflat més el vol i aterratge, empaquetat i volta al punt de trobada estarem entre dues i tres hores junts.    </p>
<hr>
<p><em>Els vols amb globus depenen de la meteorologia.<u></u><u></u></em></p>
<p><em>Un dia abans del vol els pilots decidiran si les condicions són òptimes i els confirmessin el vol, el punt de trobada i l&#8217;hora. <u></u><u></u>Això pot variar segons la direcció del vent i l&#8217;època de l&#8217;any. Tenim diferents punts d&#8217;enlairament i l&#8217;alba i l&#8217;ocàs marquen l&#8217;hora de sortida.  <u></u><u></u>Si no es pot volar busquem data alternativa o es retorna el pagament.</em></p>
<hr>
<p>ZONES DE VOL</p>
<figure id="attachment_1309" aria-describedby="caption-attachment-1309" style="width: 800px" class="wp-caption alignnone"><img loading="lazy" decoding="async" class="wp-image-1309 size-large" src="https://ibballooning.net/wp-content/uploads/2025/02/Mapa-Flight-zones-Ib-Ballooning-800x800.png" alt="Àrea de vol Mallorca" width="800" height="800" srcset="https://ibballooning.net/wp-content/uploads/2025/02/Mapa-Flight-zones-Ib-Ballooning-800x800.png 800w, https://ibballooning.net/wp-content/uploads/2025/02/Mapa-Flight-zones-Ib-Ballooning-400x400.png 400w, https://ibballooning.net/wp-content/uploads/2025/02/Mapa-Flight-zones-Ib-Ballooning-280x280.png 280w, https://ibballooning.net/wp-content/uploads/2025/02/Mapa-Flight-zones-Ib-Ballooning-768x768.png 768w, https://ibballooning.net/wp-content/uploads/2025/02/Mapa-Flight-zones-Ib-Ballooning-300x300.png 300w, https://ibballooning.net/wp-content/uploads/2025/02/Mapa-Flight-zones-Ib-Ballooning-600x600.png 600w, https://ibballooning.net/wp-content/uploads/2025/02/Mapa-Flight-zones-Ib-Ballooning-100x100.png 100w, https://ibballooning.net/wp-content/uploads/2025/02/Mapa-Flight-zones-Ib-Ballooning.png 1081w" sizes="auto, (max-width: 800px) 100vw, 800px" /><figcaption id="caption-attachment-1309" class="wp-caption-text">Àrea de vol Mallorca</figcaption></figure>

<p>Gaudeix d&#8217;un magnífic viatge amb globus per l&#8217;illa de Mallorca.</p>
